 -11). Is f*3868/(-16)*2 a composite number?
False
Suppose 0*i + 92264 + 154735 = 3*i. Is i composite?
True
Let m(i) = -65051*i**3 - i**2 + 310*i + 311. Is m(-1) prime?
False
Suppose -29 = -5*y + 2*v, 4*y + y + 2*v = 21. Suppose -2*x + y*f + 11851 = 0, 12182 + 17468 = 5*x - 5*f. Is x prime?
False
Is (1178 + 513/(-19))/((-1)/(-29)) composite?
True
Let s(u) = 5472*u**2 + 264*u - 769. Is s(3) prime?
False
Suppose -8*w + 120 = -5*w. Suppose -o - 7*o + w = 0. Suppose 2492 = o*l + 507. Is l prime?
True
Let g(w) = 2*w**3 - 4*w**2 - 3*w - 84. Let b be g(0). Let z = 187 + b. Is z prime?
True
Suppose 0 = t - 5*i + i + 14, 2*t + 1 = -i. Let r be 4197/(-3)*t - 4. Suppose -u + r = u. Is u composite?
True
Suppose 0 = -4*q + 5*n - 3*n + 4, -5*q = -3*n - 5. Suppose v - 215 - 589 = 0. Is v/9 - q/3 a composite number?
False
Suppose 6*i = 2*i + 3*d + 804802, -4*i = 2*d - 804792. Is i a composite number?
True
Suppose -11*s = -15*s - 5*h + 72118, 5*s - 90155 = -5*h. Is s a composite number?
True
Let p(q) = 11*q**2 - 20*q + 20. Let x be p(43). Suppose x = 3*l + 3356. Is l prime?
True
Let s(m) be the second derivative of -12*m + 7/2*m**3 - 5/2*m**2 + 0. Is s(4) composite?
False
Let v be (-4)/9 + 292580/18. Suppose 6*l = -3636 + v. Is l a prime number?
False
Let k(c) = -c**3 + 21*c**2 - 21*c + 22. Suppose 0 = s - 10 - 10. Let d be k(s). Suppose 2*z + 3*j = 2*j + 3118, 5*j + 3142 = d*z. Is z composite?
True
Let l(r) = -2*r + 8. Let h be l(2). Is 191/((5 - h) + 0) a composite number?
False
Let c = -44 - -50. Suppose -2*x + c*r - 5*r = 2, 25 = 5*x + 5*r. Is ((-353)/(-4))/(x/4) composite?
False
Let h(s) = -1058*s**2 - 10*s - 8. Let c(y) = 1057*y**2 + 9*y + 7. Let l(k) = 7*c(k) + 6*h(k). Suppose -2*q = 2*q + 4. Is l(q) a composite number?
False
Suppose 3*p = 3*w + 12, p + 3 = 2*w + 8. Let u be p/(4/(-22) - 17002/(-93148)). Let l = u + -2483. Is l a prime number?
False
Let j be 3 + (-9)/((-27)/(-12)). Let l be (44/(-16))/(j/444). Suppose l = 2*f + 47. Is f prime?
True
Let k(o) = 1 + 249*o**2 - 6*o - o + 58*o**2. Let s = -2389 + 2392. Is k(s) prime?
False
Let u(h) = 30289*h**2 - 2*h. Let f be u(2). Suppose -i + f = i. Is 8/(-20) + -1 + i/15 a prime number?
False
Let q be (-20811)/5 + 8/40. Is q*4/8*-3 composite?
True
Let x(h) = 51*h**2 + 909*h + 47. Is x(11) composite?
False
Suppose 20*n - 15067969 = -113*n. Is n composite?
True
Let j(s) = -3*s - 18. Let z be j(-4). Is z + (-5 - -2 - -4114) a composite number?
True
Let m(l) = -36*l**3 + 5*l - 3. Let w(g) be the first derivative of g**4/4 + g**3/3 + g**2/2 - 11. Let b(u) = -m(u) + w(u). Is b(1) composite?
False
Let s(y) = 62*y**2 - 12*y - 130. Let p(w) = -30*w**2 + 6*w + 65. Let m(t) = -5*p(t) - 2*s(t). Is m(9) composite?
False
Is -1 + ((-1734)/(-5))/(41/5 + -8) a composite number?
False
Let p(d) = 14592*d - 371. Is p(15) prime?
True
Let j(r) = r**2. Let z(u) = 73*u**2 + 2*u + 3. Let o be ((-4)/8*(-3 + 1))/1. Let c(p) = o*z(p) - 6*j(p). Is c(-2) a prime number?
False
Let r = 130 - 103. Let y = r + 69. Is ((-10768)/y)/(2/(-12)) composite?
False
Is (-2 - (5 - 4))*3/(-27)*1347 a composite number?
False
Suppose 13*o - 16390 = 11*o. Suppose -58*m = -53*m - o. Is m a composite number?
True
Suppose 192*r = 186*r + 78. Suppose r*d - 7821 = 10*d + 3*i, -4*i - 5206 = -2*d. Is d prime?
False
Suppose l - 4 = 3*l - 2*n, 15 = 3*n. Is 122346/45 + l/15 a prime number?
True
Let r be (-6 - (-315)/56)/((-1)/8). Suppose 0 = r*z + n - 42847, -9108 = -3*z - 2*n + 33743. Is z composite?
False
Let q = -697147 + 1006668. Is q prime?
True
Suppose 4*v - 10*v = -462. Let a be 22/v + 1/((-7)/(-19)). Suppose 4*z = -a*x + 2143, 0*x - 4*z = 2*x - 1430. Is x composite?
True
Let s be 104/12 - 20/12. Let m(l) = 65*l**2 - 8*l + 23. Let q be m(s). Let p = 5331 - q. Is p a prime number?
True
Suppose 55 + 53 = -6*t. Let w be t/63 - (-38)/(-14). Is (-1270)/(-3*(-2)/w) composite?
True
Let r = 23935 - -1592. Suppose -68*k + 71*k - r = 0. Is k a composite number?
True
Suppose 0 = 3*t - 4*p - 14908 + 4701, 4*p = t - 3389. Is t prime?
False
Suppose -9*p + 5*p = 96. Let z be 39/9 - p/(-18). Suppose -z*i + 1273 = 4*h, 0 = i + 4*h + 125 - 560. Is i prime?
True
Let k = -13460 - -13719. Is k a composite number?
True
Is (67176 + -50)/((1 - 3) + 4) a composite number?
False
Let p(x) = -24*x**3 + 5*x**2 + 7*x + 19. Let l be p(-8). Let h = l - 8772. Is h a composite number?
True
Let o(w) = -147*w**3 - 3*w**2 - 14*w + 5. Let y(j) = 4*j**3 + 2*j**2 - 4*j - 5. Let l be y(-1). Is o(l) a prime number?
True
Suppose -11 = -s - 105. Let x = s - -89. Let u(v) = 15*v**2 - 7*v - 21. Is u(x) prime?
True
Suppose 3*k + 4*j = 225355, 0 = -3*k + 4*j + 184773 + 40598. Is k a prime number?
False
Let y = -57185 - -262179. Suppose 28*n = y + 45186. Is n a composite number?
True
Let p = -536 - -536. Let w = -14232 - -21184. Suppose -9*q + 1301 + w = p. Is q composite?
True
Let q be (-27)/15 + ((-4)/(-5) - 1). Let b be (1*q)/((-4)/2) + 7. Is (12472/7)/b + 2/7 a composite number?
False
Let m(j) = -2683*j - 1237. Is m(-8) prime?
False
Let t = 89589 - 48308. Is t prime?
True
Let f(m) = -12*m**3 - 7*m**2 + 154*m + 55. Is f(-21) a prime number?
False
Let z = -6 - -10. Let v(j) = 56*j**2 - 2*j + 19. Is v(z) a composite number?
False
Let l(m) = -14*m**3 + m**2 + 3*m + 2. Let k be l(-1). Suppose 3*z + 23 + k = -5*w, z - 1 = w. Is ((49/2)/7 + z)*-2518 a composite number?
False
Let u(v) = -14*v - 65. Let x(i) = 5*i + 22. Let y = 47 - 53. Let q(t) = y*u(t) - 17*x(t). Is q(6) prime?
False
Suppose -4*q + 5*q + 4*q - 54235 = 0. Is q a prime number?
True
Suppose -3*g + 6 = a, 3 = -a + 4*g + 2. Suppose 0 = 3*x - 2*y - 89, -41 = -a*x + 4*y + 56. Let r = 55 + x. Is r a prime number?
False
Let m(c) = -36*c**3 + 48*c**2 - 37*c + 33. Is m(-20) a prime number?
False
Is 3704715/(-266)*(-1 + (-253)/5) + -2 a composite number?
False
Suppose 6*b + 37820 = 5*z + 8*b, 3*z = 2*b + 22676. Suppose 2*h = -2*c + z, -17*c = -12*c - 5*h - 18885. Is c a prime number?
True
Let c(k) = 11*k**3 - 16*k**2 - 17*k + 48. Let s be c(21). Suppose s - 23246 = 20*g. Is g a prime number?
False
Suppose -6*w - 4*w + 58039 + 1761381 = 0. Is w prime?
False
Let y(d) = 2*d**3 + 58*d**2 + 19*d - 13. Is y(36) a prime number?
True
Is 3441144/(8 - -4) - -12 a prime number?
False
Suppose -29*i - 35626 = -322494. Suppose 0 = 38*l - 72858 + i. Is l a prime number?
True
Let k(x) = x**2 - 4*x - 17. Let b be k(7). Is 3*(778/b)/(3/6) a prime number?
False
Is (349917/(-6))/((-9)/18) prime?
True
Suppose -29*f + 1653960 = 66813 - 430180. Is f composite?
True
Suppose 1180854 = 9*a + 580671 - 551376. Is a a prime number?
True
Suppose 167290 + 36074 = 9*t. Is 11/(66/t) + -3 a prime number?
False
Suppose 554 + 238 = 3*g. Suppose 7*o - 3*o = 4*c + 496, 2*c - 127 = -o. Let t = g - o. Is t a composite number?
False
Let w(f) = -11209*f + 287. Is w(-8) a prime number?
True
Let f = -41 - 16. Let w = 73 + f. Let q(x) = 3*x**2 - 7*x + 47. Is q(w) prime?
False
Is (-40)/(-85)*(-35)/140 + (-1776538)/(-34) prime?
False
Suppose -12 = 3*n, 2*c + c - 24 = 3*n. Suppose 2*a + 4*q - c = 0, -8*q + 3*q + 19 = -a. Let b(s) = -31*s**3 - 2*s**2 - 4*s - 11. Is b(a) prime?
False
Let v = 433 + -433. Suppose 0 = 4*d - 0*u + 4*u - 1556, v = -5*d - 3*u + 1939. Is d composite?
True
Let l = -5476 - -9782. Suppose 0 = x - g - 2*g - l, -17194 = -4*x + 2*g. Is x composite?
False
Let j(b) = -b**3 + 10*b**2 + 12*b - 10. Let z be j(11). Let v(p) = -259*p - 2 + 130*p + 132*p + 160*p**2. Is v(z) prime?
False
Let y(j) be the third derivative of 5573*j**4/24 + 71*j**3/3 + 8*j**2 + 4. Is y(5) composite?
True
Is (9 - (9 + 2))*28123/(-2) composite?
False
Suppose 0 = y + n - 50704, 152136 = -35*y + 38*y - 5*n. Is y a prime number?
True
Suppose p + 12 = 3*p - 2*s, -4*p - 4 = 3*s. Let d = 15555 - 8190. Suppose 5*f + 4406 = -p*v + 5*v, -5*v + d = -4*f. Is v a prime number?
False
Suppose -16 = 11*h + 17. Let n(s) = -9*s**3 - 2*s**2 + s + 1. Is n(h) a prime number?
True
Suppose 5*u - 96051 = 3*m - 23529, -2*m + 43517 = 3*u. Let a = 27318 - u. Is a a prime number?
False
Is (285052/12 + -2)*3 a prime number?
True
Suppose 0 = 3*j - t - 10, 0 = -4*j + 4*t + t - 5. Suppose w + j = 1, 3*h = -4*w + 4301. Is h composite?
False
Let v(j) = 69319*j**2 - 30*j - 22. Is v(3) prime?
True
Suppose -771969 + 230947 - 349643 = -5*v. 